4) to base 9.
-54
Convert -11 (base 15) to base 9.
-17
63 (base 9) to base 16
39
Convert -3 (base 13) to base 15.
-3
Convert -113 (base 7) to base 2.
-111011
What is -1 (base 4) in base 16?
-1
11 (base 11) to base 12
10
Convert -7 (base 11) to base 12.
-7
What is e (base 15) in base 7?
20
Convert -1 (base 4) to base 5.
-1
Convert 4 (base 9) to base 3.
11
What is 8 (base 15) in base 8?
10
Convert 1122 (base 4) to base 6.
230
Convert -4 (base 10) to base 3.
-11
Convert -202 (base 6) to base 15.
-4e
What is 3 (base 11) in base 6?
3
0 (base 12) to base 5
0
What is -a (base 16) in base 7?
-13
-7 (base 12) to base 16
-7
What is 10 (base 3) in base 16?
3
4 (base 10) to base 16
4
What is -12 (base 5) in base 2?
-111
Convert 24 (base 6) to base 11.
15
3 (base 12) to base 3
10
-1211 (base 3) to base 13
-3a
-127 (base 9) to base 8
-152
Convert -1334 (base 6) to base 15.
-181
c (base 13) to base 3
110
-300 (base 9) to base 4
-3303
Convert 1143 (base 5) to base 8.
255
1 (base 4) to base 6
1
Convert 2 (base 3) to base 6.
2
2 (base 14) to base 5
2
What is -4 (base 7) in base 14?
-4
22 (base 4) to base 3
101
What is 2 (base 3) in base 8?
2
-2a (base 15) to base 2
-101000
Convert 3 (base 6) to base 14.
3
4 (base 11) to base 14
4
-2 (base 6) to base 13
-2
-1e (base 15) to base 2
-11101
Convert -36 (base 11) to base 9.
-43
4 (base 12) to base 6
4
-7 (base 16) to base 9
-7
What is -4 (base 11) in base 7?
-4
0 (base 5) to base 6
0
What is -155 (base 12) in base 9?
-252
What is 16 (base 7) in base 8?
15
What is 4 (base 11) in base 13?
4
-103 (base 10) to base 15
-6d
-114 (base 5) to base 4
-202
Convert 64 (base 9) to base 15.
3d
-a (base 14) to base 2
-1010
What is -9 (base 14) in base 11?
-9
What is -1 (base 8) in base 9?
-1
68 (base 9) to base 12
52
554 (base 6) to base 3
21221
0 (base 4) to base 13
0
What is -2 (base 7) in base 12?
-2
-110 (base 3) to base 11
-11
Convert -29 (base 11) to base 8.
-37
Convert -1 (base 4) to base 16.
-1
Convert -30 (base 4) to base 8.
-14
What is -4 (base 5) in base 7?
-4
What is -5 (base 11) in base 2?
-101
122 (base 3) to base 8
21
What is -57 (base 8) in base 13?
-38
What is -2 (base 11) in base 8?
-2
38 (base 11) to base 16
29
3 (base 11) to base 7
3
What is 211 (base 4) in base 3?
1101
What is 0 (base 16) in base 12?
0
1 (base 2) to base 7
1
Convert -12 (base 6) to base 5.
-13
-10 (base 6) to base 5
-11
-4 (base 8) to base 6
-4
-78 (base 14) to base 3
-10221
Convert -3 (base 12) to base 13.
-3
Convert -1 (base 10) to base 6.
-1
-1 (base 3) to base 8
-1
4 (base 12) to base 4
10
2 (base 10) to base 6
2
11 (base 2) to base 6
3
10 (base 2) to base 3
2
Convert 6 (base 14) to base 5.
11
Convert -3 (base 9) to base 12.
-3
-2 (base 7) to base 16
-2
2d (base 16) to base 14
33
221 (base 3) to base 4
121
Convert 30 (base 10) to base 14.
22
Convert 1 (base 8) to base 15.
1
What is -2 (base 11) in base 6?
-2
Convert -10 (base 3) to base 12.
-3
What is 28 (base 16) in base 9?
44
0 (base 15) to base 14
0
Convert 32 (base 4) to base 16.
e
What is -94 (base 11) in base 2?
-1100111
76 (base 8) to base 16
3e
Convert -5 (base 11) to base 7.
-5
What is 3 (base 12) in base 8?
3
What is -17 (base 11) in base 12?
-16
-65 (base 8) to base 15
-38
Convert 15 (base 13) to base 3.
200
What is 17 (base 14) in base 9?
23
What is 53 (base 6) in base 9?
36
What is 152 (base 10) in base 16?
98
Convert -431 (base 5) to base 16.
-74
-5 (base 13) to base 15
-5
What is -110 (base 10) in base 3?
-11002
-5 (base 13) to base 2
-101
-1 (base 16) to base 2
-1
Convert -1 (base 8) to base 4.
-1
14 (base 12) to base 7
22
What is -13 (base 4) in base 6?
-11
-4 (base 10) to base 5
-4
Convert 1 (base 4) to base 13.
1
What is 17 (base 12) in base 9?
21
-44 (base 15) to base 9
-71
What is 5 (base 9) in base 14?
5
What is -12 (base 9) in base 11?
-10
What is 83 (base 9) in base 16?
4b
What is 0 (base 8) in base 13?
0
What is -3 (base 4) in base 11?
-3
Convert 3 (base 5) to base 7.
3
What is 11 (base 12) in base 4?
31
Convert 453 (base 6) to base 7.
342
-7 (base 16) to base 5
-12
-1 (base 9) to base 7
-1
Convert -1 (base 8) to base 10.
-1
Convert 7 (base 16) to base 10.
7
-335 (base 7) to base 10
-173
What is 10110 (base 4) in base 9?
336
7 (base 15) to base 10
7
Convert 11 (base 2) to base 3.
10
What is 2 (base 8) in base 10?
2
What is -22 (base 3) in base 13?
-8
Convert 1 (base 6) to base 8.
1
-1 (base 2) to base 4
-1
141 (base 6) to base 9
67
What is 10001000 (base 2) in base 6?
344
What is -336 (base 7) in base 14?
-c6
Convert -10 (base 9) to base 14.
-9
What is -112 (base 6) in base 10?
-44
Convert -3 (base 7) to base 10.
-3
11 (base 6) to base 5
12
308 (base 9) to base 15
11b
What is 100 (base 2) in base 6?
4
Convert -22 (base 3) to base 14.
-8
What is 203 (base 4) in base 8?
43
Convert 32 (base 7) to base 5.
43
Convert 4 (base 13) to base 9.
4
Convert 6 (base 13) to base 2.
110
What is -62 (base 11) in base 9?
-75
620 (base 7) to base 14
180
Convert -322 (base 5) to base 13.
-69
Convert -116 (base 12) to base 10.
-162
What is 3 (base 5) in base 8?
3
What is -189 (base 13) in base 16?
-11a
What is -11 (base 3) in base 16?
-4
What is 228 (base 12) in base 5?
2240
Convert -4 (base 15) to base 13.
-4
Convert 2 (base 3) to base 4.
2
What is -58 (base 12) in base 3?
-2112
Convert 60 (base 10) to base 11.
55
-48 (base 13) to base 14
-44
What is 0 (base 9) in base 6?
0
-5 (base 11) to base 6
-5
1 (base 6) to base 2
1
Convert 1f (base 16) to base 11.
29
What is -17 (base 14) in base 5?
-41
321 (base 4) to base 15
3c
-100 (base 3) to base 14
-9
8 (base 11) to base 2
1000
3 (base 14) to base 5
3
-10 (base 6) to base 14
-6
21 (base 11) to base 5
43
What is -31 (base 5) in base 10?
-16
10 (base 2) to base 4
2
What is 14 (base 12) in base 9?
17
19 (base 13) to base 4
112
Convert 23 (base 5) to base 11.
12
Convert -10 (base 4) to base 11.
-4
Convert -32 (base 6) to base 4.
-110
-23 (base 10) to base 2
-10111
Convert 5 (base 8) to base 12.
5
Convert 0 (base 8) to base 4.
0
-2 (base 11) to base 2
-10
Convert -311 (base 7) to base 3.
-12202
-25 (base 14) to base 6
-53
What is -1 (base 7) in base 8?
-1
What is -14 (base 14) in base 9?
-20
Convert 51 (base 8) to base 9.
45
What is 210 (base 3) in base 8?
25
Convert -20 (base 8) to base 12.
-14
Convert 25 (base 7) to base 12.
17
What is 11 (base 16) in base 12?
15
2 (base 13) to base 16
2
Convert 25 (base 15) to base 5.
120
What is 4 (base 16) in base 8?
4
What is 11 (base 9) in base 13?
a
3003 (base 4) to base 2
11000011
-33 (base 7) to base 4
-120
Convert -21 (base 6) to base 4.
-31
Convert 42 (base 12) to base 5.
200
21 (base 5) to base 15
b
Convert 17 (base 9) to base 12.
14
Convert 1 (base 10) to base 2.
1
Convert 10 (base 2) to base 3.
2
What is -1e (base 16) in base 10?
-30
Convert -3 (base 8) to base 15.
-3
What is -3 (base 10) in base 14?
-3
18 (base 11) to base 12
17
Convert 3 (base 14) to base 13.
3
-2 (base 10) to base 6
-2
Convert -4 (base 7) to base 12.
-4
234 (base 5) to base 12
59
Convert 0 (base 7) to base 13.
0
-5 (base 12) to base 11
-5
3 (base 7) to base 15
3
Convert -2320 (base 4) to base 14.
-d2
-25 (base 14) to base 3
-1020
0 (base 8) to base 5
0
62 (base 11) to base 14
4c
What is -1122 (base 4) in base 3?
-10100
What is 23 (base 5) in base 16?
d
What is -a (base 11) in base 6?
-14
2 (base 6) to base 9
2
What is 112 (base 7) in base 6?
134
Convert -4 (base 12) to base 3.
-11
-1101011 (base 2) to base 14
-79
-1 (base 12) to base 3
-1
Convert -3 (base 10) to base 15.
-3
2 (base 15) to base 14
2
425 (base 8) to base 12
1b1
111 (base 2) to base 6
11
Convert 2a (base 13) to base 8.
44
What is 6 (base 7) in base 3?
20
-7 (base 12) to base 3
-21
What is -15 (base 13) in base 3?
-200
What is -136 (base 13) in base 9?
-257
What is -6 (base 7) in base 8?
-6
-200 (base 3) to base 15
-13
-63 (base 8) to base 13
-3c
Convert -142 (base 9) to base 3.
-11102
What is -200 (base 4) in base 9?
-35
What is -13d (base 16) in base 13?
-1b5
What is -27 (base 11) in base 15?
-1e
6 (base 16) to base 7
6
-1 (base 14) to base 11
-1
16 (base 12) to base 6
30
Convert 1 (base 6) to base 13.
1
Convert -1034 (base 5) to base 4.
-2100
What is -45 (base 6) in base 3?
-1002
Convert 203 (base 9) to base 7.
324
Convert -101110101 (base 2) to base 12.
